{"id":24122,"date":"2026-03-10T14:34:32","date_gmt":"2026-03-10T17:34:32","guid":{"rendered":"https:\/\/sejuri.sc.gov.br\/?page_id=24122"},"modified":"2026-03-17T16:47:37","modified_gmt":"2026-03-17T19:47:37","slug":"parcerias-laborais","status":"publish","type":"page","link":"https:\/\/sejuri.sc.gov.br\/en\/setor-de-trabalho-e-renda\/parcerias-laborais\/","title":{"rendered":"Parcerias Laborais"},"content":{"rendered":"<h2>O que s\u00e3o as Parcerias Laborais<\/h2>\n<div><\/div>\n<p class=\"\">As\u00a0<strong>Parcerias Laborais<\/strong>\u00a0s\u00e3o acordos firmados entre a Secretaria de Estado da Justi\u00e7a e Reintegra\u00e7\u00e3o Social e parceiros p\u00fablicos ou privados interessados em utilizar a m\u00e3o de obra prisional em atividades dentro ou fora das unidades penais.<\/p>\n<p class=\"\">Atualmente, o Estado possui cerca de\u00a0<strong>200 Termos de Parceria Laboral ativos<\/strong>, sendo 150 com empresas privadas e 50 com munic\u00edpios, empresas p\u00fablicas e OSCs.<\/p>\n<p class=\"\">Os presos atuam em diversas atividades, como limpeza urbana, produ\u00e7\u00e3o de m\u00f3veis, montagem de eletr\u00f4nicos, confec\u00e7\u00e3o t\u00eaxtil, fabrica\u00e7\u00e3o de EPIs, panifica\u00e7\u00e3o e at\u00e9 constru\u00e7\u00e3o de embarca\u00e7\u00f5es.<\/p>\n<p class=\"leading-relaxed\">O trabalho no sistema prisional catarinense caracteriza-se por sua natureza profissional, abrangendo diversas ind\u00fastrias e linhas de produ\u00e7\u00e3o, com destaque para o setor t\u00eaxtil.<\/p>\n<p>&nbsp;<\/p>\n<h2>Sobre o Trabalho do Preso<\/h2>\n<div><\/div>\n<p class=\"\">A\u00a0<strong>Lei de Execu\u00e7\u00f5es Penais<\/strong>, em seu art. 31, imp\u00f5e a obrigatoriedade de trabalho para condenados a penas privativas de liberdade, de acordo com suas aptid\u00f5es e capacidade, diferenciando-se da situa\u00e7\u00e3o do preso provis\u00f3rio, para quem a atividade laboral n\u00e3o \u00e9 compuls\u00f3ria.<\/p>\n<p class=\"\">A jornada de trabalho \u00e9 estabelecida entre\u00a0<strong>6 e 8 horas<\/strong>, com repouso remunerado aos domingos e feriados.<\/p>\n<p class=\"\">A inclus\u00e3o do preso no ambiente profissional cumpre papel essencial na ressocializa\u00e7\u00e3o e qualifica\u00e7\u00e3o profissional, preparando-o para o retorno \u00e0 sociedade.<\/p>\n<p class=\"leading-relaxed\">Al\u00e9m disso, o trabalho \u00e9 vantajoso ao pr\u00f3prio preso: gera\u00a0<strong>renda para sua fam\u00edlia<\/strong>\u00a0e garante\u00a0<strong>um dia de remi\u00e7\u00e3o de pena a cada tr\u00eas dias trabalhados<\/strong>.<\/p>\n<p>&nbsp;<\/p>\n<h2><\/h2>\n<h2>Vantagens da Parceria<\/h2>\n<div class=\"border-b border-green-700 w-16 mb-4\"><\/div>\n<p class=\"\">A principal vantagem da m\u00e3o de obra carcer\u00e1ria \u00e9 o\u00a0<strong>baixo custo<\/strong>, pois n\u00e3o h\u00e1 v\u00ednculo empregat\u00edcio formal entre empresas e presos. Assim, s\u00e3o eliminados encargos trabalhistas e previdenci\u00e1rios obrigat\u00f3rios.<\/p>\n<p>Encargos Eliminados<\/p>\n<ul>\n<li>FGTS<\/li>\n<li>Aviso pr\u00e9vio<\/li>\n<li>Indeniza\u00e7\u00f5es<\/li>\n<li>F\u00e9rias<\/li>\n<li>Aux\u00edlio-doen\u00e7a<\/li>\n<li>13\u00ba sal\u00e1rio<\/li>\n<li>Contribui\u00e7\u00e3o previdenci\u00e1ria<\/li>\n<\/ul>\n<p>&nbsp;<\/p>\n<h2><\/h2>\n<h2>Benef\u00edcios para os Presos<\/h2>\n<ul>\n<li>Adquirem uma profiss\u00e3o<\/li>\n<li>Fonte de renda para si e suas fam\u00edlias<\/li>\n<li>Um dia de remi\u00e7\u00e3o de pena a cada tr\u00eas dias trabalhados<\/li>\n<li>Qualifica\u00e7\u00e3o profissional<\/li>\n<li>Prepara\u00e7\u00e3o para reinser\u00e7\u00e3o no mercado<\/li>\n<\/ul>\n<p class=\"leading-relaxed\">Empresas com oficinas dentro das unidades penais tamb\u00e9m economizam em custos com aluguel e IPTU, j\u00e1 que os espa\u00e7os s\u00e3o disponibilizados gratuitamente durante a vig\u00eancia da Parceria Laboral.<\/p>\n<p>&nbsp;<\/p>\n<h2><\/h2>\n<h2>Me interessei! Como participar?<\/h2>\n<div><\/div>\n<p class=\"\">As Parcerias Laborais com o Sistema Prisional Catarinense s\u00e3o formalizadas por meio dos\u00a0<strong>Termos de Parceria Laboral<\/strong>, celebrados ap\u00f3s o lan\u00e7amento dos\u00a0<strong>Editais de Processo P\u00fablico de Sele\u00e7\u00e3o<\/strong>.<\/p>\n<p class=\"\">Os interessados devem se inscrever nos certames publicados no site da\u00a0<strong>Secretaria de Justi\u00e7a e Reintegra\u00e7\u00e3o Social de Santa Catarina<\/strong>.<\/p>\n<p class=\"leading-relaxed flex items-center gap-2\">Para mais informa\u00e7\u00f5es, acesse a p\u00e1gina Chamamentos P\u00fablicos.<\/p>","protected":false},"excerpt":{"rendered":"<p>O que s\u00e3o as Parcerias Laborais As\u00a0Parcerias Laborais\u00a0s\u00e3o acordos firmados entre a Secretaria de Estado da Justi\u00e7a e Reintegra\u00e7\u00e3o Social e parceiros p\u00fablicos ou privados interessados em utilizar a m\u00e3o de obra prisional em atividades dentro ou fora das unidades penais. Atualmente, o Estado possui cerca de\u00a0200 Termos de Parceria Laboral ativos, sendo 150 com [&hellip;]<\/p>\n","protected":false},"author":8,"featured_media":0,"parent":24120,"menu_order":0,"comment_status":"closed","ping_status":"closed","template":"","meta":{"_monsterinsights_skip_tracking":false,"_monsterinsights_sitenote_active":false,"_monsterinsights_sitenote_note":"","_monsterinsights_sitenote_category":0,"footnotes":"","_wp_rev_ctl_limit":""},"categories":[],"tags":[],"publishpress_future_action":{"enabled":false,"date":"2026-05-06 22:41:53","action":"change-status","newStatus":"draft","terms":[],"taxonomy":"category"},"publishpress_future_workflow_manual_trigger":{"enabledWorkflows":[]},"_links":{"self":[{"href":"https:\/\/sejuri.sc.gov.br\/en\/wp-json\/wp\/v2\/pages\/24122"}],"collection":[{"href":"https:\/\/sejuri.sc.gov.br\/en\/wp-json\/wp\/v2\/pages"}],"about":[{"href":"https:\/\/sejuri.sc.gov.br\/en\/wp-json\/wp\/v2\/types\/page"}],"author":[{"embeddable":true,"href":"https:\/\/sejuri.sc.gov.br\/en\/wp-json\/wp\/v2\/users\/8"}],"replies":[{"embeddable":true,"href":"https:\/\/sejuri.sc.gov.br\/en\/wp-json\/wp\/v2\/comments?post=24122"}],"version-history":[{"count":10,"href":"https:\/\/sejuri.sc.gov.br\/en\/wp-json\/wp\/v2\/pages\/24122\/revisions"}],"predecessor-version":[{"id":24373,"href":"https:\/\/sejuri.sc.gov.br\/en\/wp-json\/wp\/v2\/pages\/24122\/revisions\/24373"}],"up":[{"embeddable":true,"href":"https:\/\/sejuri.sc.gov.br\/en\/wp-json\/wp\/v2\/pages\/24120"}],"wp:attachment":[{"href":"https:\/\/sejuri.sc.gov.br\/en\/wp-json\/wp\/v2\/media?parent=24122"}],"wp:term":[{"taxonomy":"category","embeddable":true,"href":"https:\/\/sejuri.sc.gov.br\/en\/wp-json\/wp\/v2\/categories?post=24122"},{"taxonomy":"post_tag","embeddable":true,"href":"https:\/\/sejuri.sc.gov.br\/en\/wp-json\/wp\/v2\/tags?post=24122"}],"curies":[{"name":"wp","href":"https:\/\/api.w.org\/{rel}","templated":true}]}}

<h2>O que são as Parcerias Laborais</h2>
<div></div>
<p class="">As <strong>Parcerias Laborais</strong> são acordos firmados entre a Secretaria de Estado da Justiça e Reintegração Social e parceiros públicos ou privados interessados em utilizar a mão de obra prisional em atividades dentro ou fora das unidades penais.</p>
<p class="">Atualmente, o Estado possui cerca de <strong>200 Termos de Parceria Laboral ativos</strong>, sendo 150 com empresas privadas e 50 com municípios, empresas públicas e OSCs.</p>
<p class="">Os presos atuam em diversas atividades, como limpeza urbana, produção de móveis, montagem de eletrônicos, confecção têxtil, fabricação de EPIs, panificação e até construção de embarcações.</p>
<p class="leading-relaxed">O trabalho no sistema prisional catarinense caracteriza-se por sua natureza profissional, abrangendo diversas indústrias e linhas de produção, com destaque para o setor têxtil.</p>
<p>&nbsp;</p>
<h2>Sobre o Trabalho do Preso</h2>
<div></div>
<p class="">A <strong>Lei de Execuções Penais</strong>, em seu art. 31, impõe a obrigatoriedade de trabalho para condenados a penas privativas de liberdade, de acordo com suas aptidões e capacidade, diferenciando-se da situação do preso provisório, para quem a atividade laboral não é compulsória.</p>
<p class="">A jornada de trabalho é estabelecida entre <strong>6 e 8 horas</strong>, com repouso remunerado aos domingos e feriados.</p>
<p class="">A inclusão do preso no ambiente profissional cumpre papel essencial na ressocialização e qualificação profissional, preparando-o para o retorno à sociedade.</p>
<p class="leading-relaxed">Além disso, o trabalho é vantajoso ao próprio preso: gera <strong>renda para sua família</strong> e garante <strong>um dia de remição de pena a cada três dias trabalhados</strong>.</p>
<p>&nbsp;</p>
<h2></h2>
<h2>Vantagens da Parceria</h2>
<div class="border-b border-green-700 w-16 mb-4"></div>
<p class="">A principal vantagem da mão de obra carcerária é o <strong>baixo custo</strong>, pois não há vínculo empregatício formal entre empresas e presos. Assim, são eliminados encargos trabalhistas e previdenciários obrigatórios.</p>
<p>Encargos Eliminados</p>
<ul>
<li>FGTS</li>
<li>Aviso prévio</li>
<li>Indenizações</li>
<li>Férias</li>
<li>Auxílio-doença</li>
<li>13º salário</li>
<li>Contribuição previdenciária</li>
</ul>
<p>&nbsp;</p>
<h2></h2>
<h2>Benefícios para os Presos</h2>
<ul>
<li>Adquirem uma profissão</li>
<li>Fonte de renda para si e suas famílias</li>
<li>Um dia de remição de pena a cada três dias trabalhados</li>
<li>Qualificação profissional</li>
<li>Preparação para reinserção no mercado</li>
</ul>
<p class="leading-relaxed">Empresas com oficinas dentro das unidades penais também economizam em custos com aluguel e IPTU, já que os espaços são disponibilizados gratuitamente durante a vigência da Parceria Laboral.</p>
<p>&nbsp;</p>
<h2></h2>
<h2>Me interessei! Como participar?</h2>
<div></div>
<p class="">As Parcerias Laborais com o Sistema Prisional Catarinense são formalizadas por meio dos <strong>Termos de Parceria Laboral</strong>, celebrados após o lançamento dos <strong>Editais de Processo Público de Seleção</strong>.</p>
<p class="">Os interessados devem se inscrever nos certames publicados no site da <strong>Secretaria de Justiça e Reintegração Social de Santa Catarina</strong>.</p>
<p class="leading-relaxed flex items-center gap-2">Para mais informações, acesse a página Chamamentos Públicos.</p>

<p>O que são as Parcerias Laborais As Parcerias Laborais são acordos firmados entre a Secretaria de Estado da Justiça e Reintegração Social e parceiros públicos ou privados interessados em utilizar a mão de obra prisional em atividades dentro ou fora das unidades penais. Atualmente, o Estado possui cerca de 200 Termos de Parceria Laboral ativos, sendo 150 com [&hellip;]</p>
