{"id":24293,"date":"2026-03-11T18:29:00","date_gmt":"2026-03-11T21:29:00","guid":{"rendered":"https:\/\/sejuri.sc.gov.br\/?page_id=24293"},"modified":"2026-03-12T14:40:21","modified_gmt":"2026-03-12T17:40:21","slug":"boas-praticas","status":"publish","type":"page","link":"https:\/\/sejuri.sc.gov.br\/en\/boas-praticas\/","title":{"rendered":"Boas pr\u00e1ticas"},"content":{"rendered":"<div data-elementor-type=\"wp-page\" data-elementor-id=\"24293\" class=\"elementor elementor-24293\" data-elementor-settings=\"{&quot;ha_cmc_init_switcher&quot;:&quot;no&quot;}\">\n\t\t\t\t<div class=\"elementor-element elementor-element-7c2a92ff e-flex e-con-boxed e-con e-parent\" data-id=\"7c2a92ff\" data-element_type=\"container\" data-settings=\"{&quot;_ha_eqh_enable&quot;:false}\">\n\t\t\t\t\t<div class=\"e-con-inner\">\n\t\t\t\t<div class=\"elementor-element elementor-element-4b516afa elementor-widget elementor-widget-text-editor\" data-id=\"4b516afa\" data-element_type=\"widget\" data-widget_type=\"text-editor.default\">\n\t\t\t\t<div class=\"elementor-widget-container\">\n\t\t\t\t\t\t\t\t\t<h2 class=\"text-3xl md:text-4xl font-extrabold text-gray-900 flex items-center gap-3\">Boas Pr\u00e1ticas<\/h2>\t\t\t\t\t\t\t\t<\/div>\n\t\t\t\t<\/div>\n\t\t\t\t<div class=\"elementor-element elementor-element-453dbb8 elementor-widget elementor-widget-text-editor\" data-id=\"453dbb8\" data-element_type=\"widget\" data-widget_type=\"text-editor.default\">\n\t\t\t\t<div class=\"elementor-widget-container\">\n\t\t\t\t\t\t\t\t\t<p class=\"text-2xl font-bold text-green-700 mb-3 flex items-center gap-2\">O **Programa de Capacita\u00e7\u00e3o Profissional e Implementa\u00e7\u00e3o de Oficinas Permanentes (PROCAP)** \u00e9 uma iniciativa que visa promover a qualifica\u00e7\u00e3o profissional e a gera\u00e7\u00e3o de renda no sistema prisional atrav\u00e9s da implementa\u00e7\u00e3o de oficinas produtivas.<\/p>\t\t\t\t\t\t\t\t<\/div>\n\t\t\t\t<\/div>\n\t\t\t\t\t<\/div>\n\t\t\t\t<\/div>\n\t\t<div class=\"elementor-element elementor-element-eabeb5f e-flex e-con-boxed e-con e-parent\" data-id=\"eabeb5f\" data-element_type=\"container\" data-settings=\"{&quot;_ha_eqh_enable&quot;:false}\">\n\t\t\t\t\t<div class=\"e-con-inner\">\n\t\t\t\t<div class=\"elementor-element elementor-element-6e7c01a elementor-widget elementor-widget-text-editor\" data-id=\"6e7c01a\" data-element_type=\"widget\" data-widget_type=\"text-editor.default\">\n\t\t\t\t<div class=\"elementor-widget-container\">\n\t\t\t\t\t\t\t\t\t<h3 class=\"text-3xl md:text-4xl font-extrabold text-gray-900 flex items-center gap-3\">Como funciona<\/h3>\t\t\t\t\t\t\t\t<\/div>\n\t\t\t\t<\/div>\n\t\t\t\t<div class=\"elementor-element elementor-element-84fe785 elementor-widget elementor-widget-text-editor\" data-id=\"84fe785\" data-element_type=\"widget\" data-widget_type=\"text-editor.default\">\n\t\t\t\t<div class=\"elementor-widget-container\">\n\t\t\t\t\t\t\t\t\t<p class=\"text-gray-700 leading-relaxed mb-4\">O fundo rotativo do PROCAP funciona como um capital de giro destinado \u00e0 aquisi\u00e7\u00e3o de mat\u00e9ria-prima e equipamentos para as oficinas. Os recursos s\u00e3o reinvestidos continuamente, garantindo a sustentabilidade das atividades produtivas.<\/p><ul class=\"list-disc list-inside leading-relaxed ml-4\"><li class=\"flex items-start gap-2\">Investimento inicial em equipamentos e mat\u00e9ria-prima<\/li><li class=\"flex items-start gap-2\">Produ\u00e7\u00e3o realizada pelos internos capacitados<\/li><li class=\"flex items-start gap-2\">Comercializa\u00e7\u00e3o dos produtos<\/li><li class=\"flex items-start gap-2\">Reinvestimento dos recursos no programa<\/li><\/ul>\t\t\t\t\t\t\t\t<\/div>\n\t\t\t\t<\/div>\n\t\t\t\t\t<\/div>\n\t\t\t\t<\/div>\n\t\t<div class=\"elementor-element elementor-element-22ec5ad e-grid e-con-boxed e-con e-parent\" data-id=\"22ec5ad\" data-element_type=\"container\" data-settings=\"{&quot;_ha_eqh_enable&quot;:false}\">\n\t\t\t\t\t<div class=\"e-con-inner\">\n\t\t\t\t<div class=\"elementor-element elementor-element-dfe0b91 elementor-widget elementor-widget-text-editor\" data-id=\"dfe0b91\" data-element_type=\"widget\" data-widget_type=\"text-editor.default\">\n\t\t\t\t<div class=\"elementor-widget-container\">\n\t\t\t\t\t\t\t\t\t<h4 class=\"text-xl font-semibold text-green-700 mb-3\">Objetivos<\/h4><ul class=\"list-disc list-inside leading-relaxed ml-4\"><li>Qualifica\u00e7\u00e3o profissional dos internos<\/li><li>Gera\u00e7\u00e3o de renda atrav\u00e9s do trabalho<\/li><li>Desenvolvimento de habilidades produtivas<\/li><li>Sustentabilidade financeira das oficinas<\/li><\/ul>\t\t\t\t\t\t\t\t<\/div>\n\t\t\t\t<\/div>\n\t\t<div class=\"elementor-element elementor-element-7d553ce e-con-full e-flex e-con e-child\" data-id=\"7d553ce\" data-element_type=\"container\" data-settings=\"{&quot;_ha_eqh_enable&quot;:false}\">\n\t\t\t\t<div class=\"elementor-element elementor-element-b84c740 elementor-widget__width-inherit elementor-widget elementor-widget-text-editor\" data-id=\"b84c740\" data-element_type=\"widget\" data-widget_type=\"text-editor.default\">\n\t\t\t\t<div class=\"elementor-widget-container\">\n\t\t\t\t\t\t\t\t\t<h4 class=\"text-xl font-semibold text-green-700 mb-3\">Benef\u00edcios<\/h4><ul class=\"list-disc list-inside leading-relaxed ml-4\"><li>Remi\u00e7\u00e3o da pena pelo trabalho<\/li><li>Remunera\u00e7\u00e3o aos internos participantes<\/li><li>Prepara\u00e7\u00e3o para o mercado de trabalho<\/li><li>Redu\u00e7\u00e3o da ociosidade no sistema prisional<\/li><\/ul>\t\t\t\t\t\t\t\t<\/div>\n\t\t\t\t<\/div>\n\t\t\t\t<\/div>\n\t\t\t\t\t<\/div>\n\t\t\t\t<\/div>\n\t\t<div class=\"elementor-element elementor-element-5b9723d e-flex e-con-boxed e-con e-parent\" data-id=\"5b9723d\" data-element_type=\"container\" data-settings=\"{&quot;_ha_eqh_enable&quot;:false}\">\n\t\t\t\t\t<div class=\"e-con-inner\">\n\t\t\t\t<div class=\"elementor-element elementor-element-1fe12bb elementor-widget elementor-widget-text-editor\" data-id=\"1fe12bb\" data-element_type=\"widget\" data-widget_type=\"text-editor.default\">\n\t\t\t\t<div class=\"elementor-widget-container\">\n\t\t\t\t\t\t\t\t\t<h2 class=\"text-2xl font-bold text-green-700 mb-3 flex items-center gap-2\">Oficinas Pr\u00f3prias<\/h2>\t\t\t\t\t\t\t\t<\/div>\n\t\t\t\t<\/div>\n\t\t\t\t<div class=\"elementor-element elementor-element-d8e3769 elementor-widget elementor-widget-text-editor\" data-id=\"d8e3769\" data-element_type=\"widget\" data-widget_type=\"text-editor.default\">\n\t\t\t\t<div class=\"elementor-widget-container\">\n\t\t\t\t\t\t\t\t\t<p class=\"text-2xl font-bold text-green-700 mb-3 flex items-center gap-2\">As **oficinas pr\u00f3prias** s\u00e3o espa\u00e7os produtivos instalados dentro das unidades prisionais, onde os internos desenvolvem atividades de produ\u00e7\u00e3o, manufatura e presta\u00e7\u00e3o de servi\u00e7os.<\/p>\t\t\t\t\t\t\t\t<\/div>\n\t\t\t\t<\/div>\n\t\t\t\t\t<\/div>\n\t\t\t\t<\/div>\n\t\t\t\t<\/div>","protected":false},"excerpt":{"rendered":"<p>Boas Pr\u00e1ticas O **Programa de Capacita\u00e7\u00e3o Profissional e Implementa\u00e7\u00e3o de Oficinas Permanentes (PROCAP)** \u00e9 uma iniciativa que visa promover a qualifica\u00e7\u00e3o profissional e a gera\u00e7\u00e3o de renda no sistema prisional atrav\u00e9s da implementa\u00e7\u00e3o de oficinas produtivas. Como funciona O fundo rotativo do PROCAP funciona como um capital de giro destinado \u00e0 aquisi\u00e7\u00e3o de mat\u00e9ria-prima e [&hellip;]<\/p>\n","protected":false},"author":8,"featured_media":0,"parent":0,"menu_order":0,"comment_status":"closed","ping_status":"closed","template":"","meta":{"_monsterinsights_skip_tracking":false,"_monsterinsights_sitenote_active":false,"_monsterinsights_sitenote_note":"","_monsterinsights_sitenote_category":0,"footnotes":"","_wp_rev_ctl_limit":""},"categories":[1601],"tags":[],"publishpress_future_action":{"enabled":false,"date":"2026-05-06 22:41:30","action":"change-status","newStatus":"draft","terms":[],"taxonomy":"category"},"publishpress_future_workflow_manual_trigger":{"enabledWorkflows":[]},"_links":{"self":[{"href":"https:\/\/sejuri.sc.gov.br\/en\/wp-json\/wp\/v2\/pages\/24293"}],"collection":[{"href":"https:\/\/sejuri.sc.gov.br\/en\/wp-json\/wp\/v2\/pages"}],"about":[{"href":"https:\/\/sejuri.sc.gov.br\/en\/wp-json\/wp\/v2\/types\/page"}],"author":[{"embeddable":true,"href":"https:\/\/sejuri.sc.gov.br\/en\/wp-json\/wp\/v2\/users\/8"}],"replies":[{"embeddable":true,"href":"https:\/\/sejuri.sc.gov.br\/en\/wp-json\/wp\/v2\/comments?post=24293"}],"version-history":[{"count":7,"href":"https:\/\/sejuri.sc.gov.br\/en\/wp-json\/wp\/v2\/pages\/24293\/revisions"}],"predecessor-version":[{"id":24337,"href":"https:\/\/sejuri.sc.gov.br\/en\/wp-json\/wp\/v2\/pages\/24293\/revisions\/24337"}],"wp:attachment":[{"href":"https:\/\/sejuri.sc.gov.br\/en\/wp-json\/wp\/v2\/media?parent=24293"}],"wp:term":[{"taxonomy":"category","embeddable":true,"href":"https:\/\/sejuri.sc.gov.br\/en\/wp-json\/wp\/v2\/categories?post=24293"},{"taxonomy":"post_tag","embeddable":true,"href":"https:\/\/sejuri.sc.gov.br\/en\/wp-json\/wp\/v2\/tags?post=24293"}],"curies":[{"name":"wp","href":"https:\/\/api.w.org\/{rel}","templated":true}]}}

Boas práticas

<div data-elementor-type="wp-page" data-elementor-id="24293" class="elementor elementor-24293" data-elementor-settings="{&quot;ha_cmc_init_switcher&quot;:&quot;no&quot;}">
				<div class="elementor-element elementor-element-7c2a92ff e-flex e-con-boxed e-con e-parent" data-id="7c2a92ff" data-element_type="container" data-settings="{&quot;_ha_eqh_enable&quot;:false}">
					<div class="e-con-inner">
				<div class="elementor-element elementor-element-4b516afa elementor-widget elementor-widget-text-editor" data-id="4b516afa" data-element_type="widget" data-widget_type="text-editor.default">
				<div class="elementor-widget-container">
									<h2 class="text-3xl md:text-4xl font-extrabold text-gray-900 flex items-center gap-3">Boas Práticas</h2>								</div>
				</div>
				<div class="elementor-element elementor-element-453dbb8 elementor-widget elementor-widget-text-editor" data-id="453dbb8" data-element_type="widget" data-widget_type="text-editor.default">
				<div class="elementor-widget-container">
									<p class="text-2xl font-bold text-green-700 mb-3 flex items-center gap-2">O **Programa de Capacitação Profissional e Implementação de Oficinas Permanentes (PROCAP)** é uma iniciativa que visa promover a qualificação profissional e a geração de renda no sistema prisional através da implementação de oficinas produtivas.</p>								</div>
				</div>
					</div>
				</div>
		<div class="elementor-element elementor-element-eabeb5f e-flex e-con-boxed e-con e-parent" data-id="eabeb5f" data-element_type="container" data-settings="{&quot;_ha_eqh_enable&quot;:false}">
					<div class="e-con-inner">
				<div class="elementor-element elementor-element-6e7c01a elementor-widget elementor-widget-text-editor" data-id="6e7c01a" data-element_type="widget" data-widget_type="text-editor.default">
				<div class="elementor-widget-container">
									<h3 class="text-3xl md:text-4xl font-extrabold text-gray-900 flex items-center gap-3">Como funciona</h3>								</div>
				</div>
				<div class="elementor-element elementor-element-84fe785 elementor-widget elementor-widget-text-editor" data-id="84fe785" data-element_type="widget" data-widget_type="text-editor.default">
				<div class="elementor-widget-container">
									<p class="text-gray-700 leading-relaxed mb-4">O fundo rotativo do PROCAP funciona como um capital de giro destinado à aquisição de matéria-prima e equipamentos para as oficinas. Os recursos são reinvestidos continuamente, garantindo a sustentabilidade das atividades produtivas.</p><ul class="list-disc list-inside leading-relaxed ml-4"><li class="flex items-start gap-2">Investimento inicial em equipamentos e matéria-prima</li><li class="flex items-start gap-2">Produção realizada pelos internos capacitados</li><li class="flex items-start gap-2">Comercialização dos produtos</li><li class="flex items-start gap-2">Reinvestimento dos recursos no programa</li></ul>								</div>
				</div>
					</div>
				</div>
		<div class="elementor-element elementor-element-22ec5ad e-grid e-con-boxed e-con e-parent" data-id="22ec5ad" data-element_type="container" data-settings="{&quot;_ha_eqh_enable&quot;:false}">
					<div class="e-con-inner">
				<div class="elementor-element elementor-element-dfe0b91 elementor-widget elementor-widget-text-editor" data-id="dfe0b91" data-element_type="widget" data-widget_type="text-editor.default">
				<div class="elementor-widget-container">
									<h4 class="text-xl font-semibold text-green-700 mb-3">Objetivos</h4><ul class="list-disc list-inside leading-relaxed ml-4"><li>Qualificação profissional dos internos</li><li>Geração de renda através do trabalho</li><li>Desenvolvimento de habilidades produtivas</li><li>Sustentabilidade financeira das oficinas</li></ul>								</div>
				</div>
		<div class="elementor-element elementor-element-7d553ce e-con-full e-flex e-con e-child" data-id="7d553ce" data-element_type="container" data-settings="{&quot;_ha_eqh_enable&quot;:false}">
				<div class="elementor-element elementor-element-b84c740 elementor-widget__width-inherit elementor-widget elementor-widget-text-editor" data-id="b84c740" data-element_type="widget" data-widget_type="text-editor.default">
				<div class="elementor-widget-container">
									<h4 class="text-xl font-semibold text-green-700 mb-3">Benefícios</h4><ul class="list-disc list-inside leading-relaxed ml-4"><li>Remição da pena pelo trabalho</li><li>Remuneração aos internos participantes</li><li>Preparação para o mercado de trabalho</li><li>Redução da ociosidade no sistema prisional</li></ul>								</div>
				</div>
				</div>
					</div>
				</div>
		<div class="elementor-element elementor-element-5b9723d e-flex e-con-boxed e-con e-parent" data-id="5b9723d" data-element_type="container" data-settings="{&quot;_ha_eqh_enable&quot;:false}">
					<div class="e-con-inner">
				<div class="elementor-element elementor-element-1fe12bb elementor-widget elementor-widget-text-editor" data-id="1fe12bb" data-element_type="widget" data-widget_type="text-editor.default">
				<div class="elementor-widget-container">
									<h2 class="text-2xl font-bold text-green-700 mb-3 flex items-center gap-2">Oficinas Próprias</h2>								</div>
				</div>
				<div class="elementor-element elementor-element-d8e3769 elementor-widget elementor-widget-text-editor" data-id="d8e3769" data-element_type="widget" data-widget_type="text-editor.default">
				<div class="elementor-widget-container">
									<p class="text-2xl font-bold text-green-700 mb-3 flex items-center gap-2">As **oficinas próprias** são espaços produtivos instalados dentro das unidades prisionais, onde os internos desenvolvem atividades de produção, manufatura e prestação de serviços.</p>								</div>
				</div>
					</div>
				</div>
				</div>

<p>Boas Práticas O **Programa de Capacitação Profissional e Implementação de Oficinas Permanentes (PROCAP)** é uma iniciativa que visa promover a qualificação profissional e a geração de renda no sistema prisional através da implementação de oficinas produtivas. Como funciona O fundo rotativo do PROCAP funciona como um capital de giro destinado à aquisição de matéria-prima e [&hellip;]</p>
